[INFO] cloning repository https://github.com/CryZe/livesplit-rivatuner
[INFO] running `Command { std: "git" "-c" "credential.helper=" "-c" "credential.helper=/workspace/cargo-home/bin/git-credential-null" "clone" "--bare" "https://github.com/CryZe/livesplit-rivatuner" "/workspace/cache/git-repos/https%3A%2F%2Fgithub.com%2FCryZe%2Flivesplit-rivatuner", kill_on_drop: false }`
[INFO] [stderr] Cloning into bare repository '/workspace/cache/git-repos/https%3A%2F%2Fgithub.com%2FCryZe%2Flivesplit-rivatuner'...
[INFO] running `Command { std: "git" "rev-parse" "HEAD", kill_on_drop: false }`
[INFO] [stdout] 250b1c0db42f0178832fc4a46d4b845ce61f8bfd
[INFO] checking CryZe/livesplit-rivatuner against try#72f88fc4e9458f89516a0b8b0868f3718aec5b47 for pr-74989
[INFO] running `Command { std: "git" "clone" "/workspace/cache/git-repos/https%3A%2F%2Fgithub.com%2FCryZe%2Flivesplit-rivatuner" "/workspace/builds/worker-9/source", kill_on_drop: false }`
[INFO] [stderr] Cloning into '/workspace/builds/worker-9/source'...
[INFO] [stderr] done.
[INFO] validating manifest of git repo https://github.com/CryZe/livesplit-rivatuner on toolchain 72f88fc4e9458f89516a0b8b0868f3718aec5b47
[INFO] running `Command { std: "/workspace/cargo-home/bin/cargo" "+72f88fc4e9458f89516a0b8b0868f3718aec5b47" "read-manifest" "--manifest-path" "Cargo.toml", kill_on_drop: false }`
[INFO] started tweaking git repo https://github.com/CryZe/livesplit-rivatuner
[INFO] finished tweaking git repo https://github.com/CryZe/livesplit-rivatuner
[INFO] tweaked toml for git repo https://github.com/CryZe/livesplit-rivatuner written to /workspace/builds/worker-9/source/Cargo.toml
[INFO] crate git repo https://github.com/CryZe/livesplit-rivatuner already has a lockfile, it will not be regenerated
[INFO] running `Command { std: "/workspace/cargo-home/bin/cargo" "+72f88fc4e9458f89516a0b8b0868f3718aec5b47" "fetch" "--locked" "--manifest-path" "Cargo.toml", kill_on_drop: false }`
[INFO] [stderr]  Downloading crates ...
[INFO] [stderr]   Downloaded image v0.12.3
[INFO] [stderr]   Downloaded base64 v0.4.1
[INFO] [stderr]   Downloaded deflate v0.7.6
[INFO] [stderr]   Downloaded livesplit-hotkey v0.1.0
[INFO] [stderr]   Downloaded pdqsort v0.1.2
[INFO] [stderr]   Downloaded derive_more v0.6.1
[INFO] [stderr]   Downloaded sxd-document v0.2.1
[INFO] [stderr]   Downloaded typed-arena v1.2.0
[INFO] [stderr]   Downloaded livesplit-core v0.2.0
[INFO] running `Command { std: "docker" "create" "-v" "/var/lib/crater-agent-workspace/builds/worker-9/target:/opt/rustwide/target:rw,Z" "-v" "/var/lib/crater-agent-workspace/builds/worker-9/source:/opt/rustwide/workdir:ro,Z" "-v" "/var/lib/crater-agent-workspace/cargo-home:/opt/rustwide/cargo-home:ro,Z" "-v" "/var/lib/crater-agent-workspace/rustup-home:/opt/rustwide/rustup-home:ro,Z" "-e" "SOURCE_DIR=/opt/rustwide/workdir" "-e" "CARGO_TARGET_DIR=/opt/rustwide/target" "-e" "CARGO_HOME=/opt/rustwide/cargo-home" "-e" "RUSTUP_HOME=/opt/rustwide/rustup-home" "-w" "/opt/rustwide/workdir" "-m" "1610612736" "--user" "0:0" "--network" "none" "rustops/crates-build-env@sha256:d92eaeed33fa75130ca1ee6c8a01d1ffb62bac859dfdfb3450e3e5d1c0146529" "/opt/rustwide/cargo-home/bin/cargo" "+72f88fc4e9458f89516a0b8b0868f3718aec5b47" "metadata" "--no-deps" "--format-version=1", kill_on_drop: false }`
[INFO] [stdout] 3a410a4b8a5d73e7da15781be2dcf8eea32c8cd8d38494b22e63f49a9012cfbc
[INFO] [stderr] WARNING: Your kernel does not support swap limit capabilities or the cgroup is not mounted. Memory limited without swap.
[INFO] running `Command { std: "docker" "start" "-a" "3a410a4b8a5d73e7da15781be2dcf8eea32c8cd8d38494b22e63f49a9012cfbc", kill_on_drop: false }`
[INFO] running `Command { std: "docker" "inspect" "3a410a4b8a5d73e7da15781be2dcf8eea32c8cd8d38494b22e63f49a9012cfbc", kill_on_drop: false }`
[INFO] running `Command { std: "docker" "rm" "-f" "3a410a4b8a5d73e7da15781be2dcf8eea32c8cd8d38494b22e63f49a9012cfbc", kill_on_drop: false }`
[INFO] [stdout] 3a410a4b8a5d73e7da15781be2dcf8eea32c8cd8d38494b22e63f49a9012cfbc
[INFO] running `Command { std: "docker" "create" "-v" "/var/lib/crater-agent-workspace/builds/worker-9/target:/opt/rustwide/target:rw,Z" "-v" "/var/lib/crater-agent-workspace/builds/worker-9/source:/opt/rustwide/workdir:ro,Z" "-v" "/var/lib/crater-agent-workspace/cargo-home:/opt/rustwide/cargo-home:ro,Z" "-v" "/var/lib/crater-agent-workspace/rustup-home:/opt/rustwide/rustup-home:ro,Z" "-e" "SOURCE_DIR=/opt/rustwide/workdir" "-e" "CARGO_TARGET_DIR=/opt/rustwide/target" "-e" "CARGO_INCREMENTAL=0" "-e" "RUST_BACKTRACE=full" "-e" "RUSTFLAGS=--cap-lints=forbid" "-e" "CARGO_HOME=/opt/rustwide/cargo-home" "-e" "RUSTUP_HOME=/opt/rustwide/rustup-home" "-w" "/opt/rustwide/workdir" "-m" "1610612736" "--user" "0:0" "--network" "none" "rustops/crates-build-env@sha256:d92eaeed33fa75130ca1ee6c8a01d1ffb62bac859dfdfb3450e3e5d1c0146529" "/opt/rustwide/cargo-home/bin/cargo" "+72f88fc4e9458f89516a0b8b0868f3718aec5b47" "check" "--frozen" "--all" "--all-targets" "--message-format=json", kill_on_drop: false }`
[INFO] [stdout] 21542e5c3008ab8420e106cf75675aac88829720fba184ac60fbdb56774962ab
[INFO] [stderr] WARNING: Your kernel does not support swap limit capabilities or the cgroup is not mounted. Memory limited without swap.
[INFO] running `Command { std: "docker" "start" "-a" "21542e5c3008ab8420e106cf75675aac88829720fba184ac60fbdb56774962ab", kill_on_drop: false }`
[INFO] [stderr]     Blocking waiting for file lock on package cache
[INFO] [stderr]     Blocking waiting for file lock on package cache
[INFO] [stderr]     Checking libc v0.2.21
[INFO] [stderr]    Compiling unicode-xid v0.0.4
[INFO] [stderr]     Checking lazy_static v0.2.8
[INFO] [stderr]    Compiling quote v0.3.15
[INFO] [stderr]     Checking adler32 v1.0.0
[INFO] [stderr]    Compiling winapi-build v0.1.1
[INFO] [stderr]     Checking inflate v0.1.1
[INFO] [stderr]    Compiling quote v0.2.3
[INFO] [stderr]     Checking serde v0.9.14
[INFO] [stderr]    Compiling unicode-xid v0.0.3
[INFO] [stderr]     Checking lzw v0.10.0
[INFO] [stderr]     Checking color_quant v1.0.0
[INFO] [stderr]     Checking peresil v0.3.0
[INFO] [stderr]     Checking scoped_threadpool v0.1.7
[INFO] [stderr]     Checking dtoa v0.4.1
[INFO] [stderr]     Checking typed-arena v1.2.0
[INFO] [stderr]     Checking itoa v0.3.1
[INFO] [stderr]     Checking glob v0.2.11
[INFO] [stderr]     Checking pdqsort v0.1.2
[INFO] [stderr]     Checking odds v0.2.25
[INFO] [stderr]     Checking livesplit-hotkey v0.1.0
[INFO] [stderr]     Checking base64 v0.4.1
[INFO] [stderr]    Compiling synom v0.11.3
[INFO] [stderr]     Checking deflate v0.7.6
[INFO] [stderr]    Compiling syn v0.8.7
[INFO] [stderr]     Checking gif v0.9.1
[INFO] [stderr]     Checking sxd-document v0.2.1
[INFO] [stderr]     Checking num-rational v0.1.36
[INFO] [stderr]    Compiling kernel32-sys v0.2.2
[INFO] [stderr]     Checking num v0.1.37
[INFO] [stderr]    Compiling syn v0.11.10
[INFO] [stderr]     Checking rand v0.3.15
[INFO] [stderr]     Checking num_cpus v1.3.0
[INFO] [stderr]     Checking time v0.1.36
[INFO] [stderr]     Checking deque v0.3.1
[INFO] [stderr]     Checking rayon-core v1.0.0
[INFO] [stderr]     Checking png v0.6.2
[INFO] [stderr]    Compiling derive-new v0.4.0
[INFO] [stderr]     Checking rayon v0.7.0
[INFO] [stderr]    Compiling serde_codegen_internals v0.14.2
[INFO] [stderr]    Compiling derive_more v0.6.1
[INFO] [stderr]    Compiling serde_derive v0.9.14
[INFO] [stderr]     Checking jpeg-decoder v0.1.12
[INFO] [stderr]     Checking image v0.12.3
[INFO] [stderr]     Checking chrono v0.3.0
[INFO] [stderr]     Checking serde_json v0.9.10
[INFO] [stderr]     Checking livesplit-core v0.2.0
[INFO] [stderr]     Checking livesplit-rivatuner v0.1.0 (/opt/rustwide/workdir)
[INFO] [stdout] error[E0432]: unresolved imports `winapi::FILE_MAP_ALL_ACCESS`, `winapi::c_char`
[INFO] [stdout]  --> src/rivatuner/mod.rs:1:14
[INFO] [stdout]   |
[INFO] [stdout] 1 | use winapi::{FILE_MAP_ALL_ACCESS, c_char};
[INFO] [stdout]   |              ^^^^^^^^^^^^^^^^^^^  ^^^^^^ no `c_char` in the root
[INFO] [stdout]   |              |
[INFO] [stdout]   |              no `FILE_MAP_ALL_ACCESS` in the root
[INFO] [stdout] 
[INFO] [stdout] 
[INFO] [stdout] error[E0432]: unresolved imports `winapi::FILE_MAP_ALL_ACCESS`, `winapi::c_char`
[INFO] [stdout]  --> src/rivatuner/mod.rs:1:14
[INFO] [stdout]   |
[INFO] [stdout] 1 | use winapi::{FILE_MAP_ALL_ACCESS, c_char};
[INFO] [stdout]   |              ^^^^^^^^^^^^^^^^^^^  ^^^^^^ no `c_char` in the root
[INFO] [stdout]   |              |
[INFO] [stdout]   |              no `FILE_MAP_ALL_ACCESS` in the root
[INFO] [stdout] 
[INFO] [stdout] 
[INFO] [stdout] error[E0433]: failed to resolve: could not find `windows` in `os`
[INFO] [stdout]  --> src/rivatuner/mod.rs:4:14
[INFO] [stdout]   |
[INFO] [stdout] 4 | use std::os::windows::ffi::OsStrExt;
[INFO] [stdout]   |              ^^^^^^^ could not find `windows` in `os`
[INFO] [stdout] 
[INFO] [stdout] 
[INFO] [stdout] error[E0433]: failed to resolve: could not find `windows` in `os`
[INFO] [stdout]  --> src/rivatuner/mod.rs:4:14
[INFO] [stdout]   |
[INFO] [stdout] 4 | use std::os::windows::ffi::OsStrExt;
[INFO] [stdout]   |              ^^^^^^^ could not find `windows` in `os`
[INFO] [stdout] 
[INFO] [stdout] 
[INFO] [stdout] error[E0432]: unresolved imports `kernel32::OpenFileMappingW`, `kernel32::MapViewOfFile`, `kernel32::UnmapViewOfFile`, `kernel32::CloseHandle`
[INFO] [stdout]  --> src/rivatuner/mod.rs:2:16
[INFO] [stdout]   |
[INFO] [stdout] 2 | use kernel32::{OpenFileMappingW, MapViewOfFile, UnmapViewOfFile, CloseHandle};
[INFO] [stdout]   |                ^^^^^^^^^^^^^^^^  ^^^^^^^^^^^^^  ^^^^^^^^^^^^^^^  ^^^^^^^^^^^ no `CloseHandle` in the root
[INFO] [stdout]   |                |                 |              |
[INFO] [stdout]   |                |                 |              no `UnmapViewOfFile` in the root
[INFO] [stdout]   |                |                 no `MapViewOfFile` in the root
[INFO] [stdout]   |                no `OpenFileMappingW` in the root
[INFO] [stdout] 
[INFO] [stdout] 
[INFO] [stdout] error[E0432]: unresolved imports `kernel32::OpenFileMappingW`, `kernel32::MapViewOfFile`, `kernel32::UnmapViewOfFile`, `kernel32::CloseHandle`
[INFO] [stdout]  --> src/rivatuner/mod.rs:2:16
[INFO] [stdout]   |
[INFO] [stdout] 2 | use kernel32::{OpenFileMappingW, MapViewOfFile, UnmapViewOfFile, CloseHandle};
[INFO] [stdout]   |                ^^^^^^^^^^^^^^^^  ^^^^^^^^^^^^^  ^^^^^^^^^^^^^^^  ^^^^^^^^^^^ no `CloseHandle` in the root
[INFO] [stdout]   |                |                 |              |
[INFO] [stdout]   |                |                 |              no `UnmapViewOfFile` in the root
[INFO] [stdout]   |                |                 no `MapViewOfFile` in the root
[INFO] [stdout]   |                no `OpenFileMappingW` in the root
[INFO] [stdout] 
[INFO] [stdout] 
[INFO] [stdout] error[E0432]: unresolved imports `winapi::DWORD`, `winapi::c_char`, `winapi::LARGE_INTEGER`, `winapi::BOOL`, `winapi::MAX_PATH`
[INFO] [stdout]  --> src/rivatuner/mem.rs:1:14
[INFO] [stdout]   |
[INFO] [stdout] 1 | use winapi::{DWORD, c_char, LARGE_INTEGER, BOOL, MAX_PATH};
[INFO] [stdout]   |              ^^^^^  ^^^^^^  ^^^^^^^^^^^^^  ^^^^  ^^^^^^^^ no `MAX_PATH` in the root
[INFO] [stdout]   |              |      |       |              |
[INFO] [stdout]   |              |      |       |              no `BOOL` in the root
[INFO] [stdout]   |              |      |       no `LARGE_INTEGER` in the root
[INFO] [stdout]   |              |      no `c_char` in the root
[INFO] [stdout]   |              no `DWORD` in the root
[INFO] [stdout] 
[INFO] [stdout] 
[INFO] [stdout] error[E0432]: unresolved imports `winapi::DWORD`, `winapi::c_char`, `winapi::LARGE_INTEGER`, `winapi::BOOL`, `winapi::MAX_PATH`
[INFO] [stdout]  --> src/rivatuner/mem.rs:1:14
[INFO] [stdout]   |
[INFO] [stdout] 1 | use winapi::{DWORD, c_char, LARGE_INTEGER, BOOL, MAX_PATH};
[INFO] [stdout]   |              ^^^^^  ^^^^^^  ^^^^^^^^^^^^^  ^^^^  ^^^^^^^^ no `MAX_PATH` in the root
[INFO] [stdout]   |              |      |       |              |
[INFO] [stdout]   |              |      |       |              no `BOOL` in the root
[INFO] [stdout]   |              |      |       no `LARGE_INTEGER` in the root
[INFO] [stdout]   |              |      no `c_char` in the root
[INFO] [stdout]   |              no `DWORD` in the root
[INFO] [stdout] 
[INFO] [stdout] 
[INFO] [stdout] error[E0599]: no method named `encode_wide` found for reference `&OsStr` in the current scope
[INFO] [stdout]   --> src/rivatuner/mod.rs:25:35
[INFO] [stdout]    |
[INFO] [stdout] 25 |     let mut chars = OsStr::new(s).encode_wide().collect::<Vec<_>>();
[INFO] [stdout]    |                                   ^^^^^^^^^^^ method not found in `&OsStr`
[INFO] [stdout] 
[INFO] [stdout] 
[INFO] [stdout] error[E0599]: no method named `encode_wide` found for reference `&OsStr` in the current scope
[INFO] [stdout]   --> src/rivatuner/mod.rs:25:35
[INFO] [stdout]    |
[INFO] [stdout] 25 |     let mut chars = OsStr::new(s).encode_wide().collect::<Vec<_>>();
[INFO] [stdout]    |                                   ^^^^^^^^^^^ method not found in `&OsStr`
[INFO] [stdout] 
[INFO] [stdout] 
[INFO] [stdout] error: aborting due to 5 previous errors
[INFO] [stdout] 
[INFO] [stdout] 
[INFO] [stdout] error: aborting due to 5 previous errors
[INFO] [stdout] 
[INFO] [stdout] 
[INFO] [stdout] Some errors have detailed explanations: E0432, E0433, E0599.
[INFO] [stdout] 
[INFO] [stdout] For more information about an error, try `rustc --explain E0432`.
[INFO] [stdout] 
[INFO] [stdout] Some errors have detailed explanations: E0432, E0433, E0599.
[INFO] [stdout] 
[INFO] [stdout] For more information about an error, try `rustc --explain E0432`.
[INFO] [stdout] 
[INFO] [stderr] error: could not compile `livesplit-rivatuner`.
[INFO] [stderr] 
[INFO] [stderr] To learn more, run the command again with --verbose.
[INFO] [stderr] warning: build failed, waiting for other jobs to finish...
[INFO] [stderr] error: build failed
[INFO] running `Command { std: "docker" "inspect" "21542e5c3008ab8420e106cf75675aac88829720fba184ac60fbdb56774962ab", kill_on_drop: false }`
[INFO] running `Command { std: "docker" "rm" "-f" "21542e5c3008ab8420e106cf75675aac88829720fba184ac60fbdb56774962ab", kill_on_drop: false }`
[INFO] [stdout] 21542e5c3008ab8420e106cf75675aac88829720fba184ac60fbdb56774962ab
